{"id":24,"date":"2022-04-26T14:42:52","date_gmt":"2022-04-26T14:42:52","guid":{"rendered":"https:\/\/www.romanbudai.sk\/?page_id=24"},"modified":"2023-08-09T12:23:03","modified_gmt":"2023-08-09T12:23:03","slug":"moje-sluzby","status":"publish","type":"page","link":"https:\/\/www.romanbudai.sk\/?page_id=24","title":{"rendered":"Moje slu\u017eby"},"content":{"rendered":"\n<p><strong>Pon\u00fakam fotografick\u00e9 slu\u017eby:<br><br><\/strong>\u2013 fotografovanie svadieb,<br>\u2013 fotografovanie rodinn\u00fdch udalost\u00ed,<br>\u2013 fotografovanie det\u00ed, rodi\u010dov, rande fotenie,<br>\u2013 fotografovanie koncertov a divadeln\u00fdch predstaven\u00ed,<br>\u2013 fotografovanie firemn\u00fdch eventov<\/p>\n\n\n\n<p><strong>Z\u00e1kladn\u00fd svadobn\u00fd cenn\u00edk:<br><\/strong><br>Bal\u00edk&nbsp;<em>PORTR\u00c9T<\/em>&nbsp;\u2013 230 EUR<\/p>\n\n\n\n<p>\u2013 fotografovanie svadobn\u00fdch portr\u00e9tov,&nbsp;<br>\u2013 bal\u00edk celkovo obsahuje minim\u00e1lne&nbsp; 50 ks fotografi\u00ed (digit\u00e1lna gal\u00e9ria),<br>\u2013 10 ks fotografi\u00ed v tla\u010denej podobe (10\u00d715 cm),<br><\/p>\n\n\n\n<p>Bal\u00edk&nbsp;<em>Z\u00c1KLAD&nbsp;<\/em>\u2013 320 EUR<\/p>\n\n\n\n<p>\u2013 fotografovanie svadobn\u00fdch portr\u00e9tov, svadobn\u00e9ho obradu,<br>\u2013 bal\u00edk celkovo obsahuje minim\u00e1lne 300 ks fotografi\u00ed (digit\u00e1lna gal\u00e9ria),<br>\u2013 15 ks fotografi\u00ed v tla\u010denej podobe (10\u00d715 cm),<br><\/p>\n\n\n\n<p>Bal\u00edk&nbsp;<em>\u0160TANDARD&nbsp;<\/em>\u2013 550 EUR<\/p>\n\n\n\n<p>\u2013 fotografovanie svadobn\u00fdch portr\u00e9tov, svadobn\u00fdch pr\u00edprav, odobierky, svadobn\u00e9ho obradu, hostiny \u2013 mladoman\u017eelsk\u00fd tanec, rodi\u010dovsk\u00fd tanec, fotenie skupinov\u00fdch\u00a0 fotografi\u00ed a z\u00e1bavy do 1:00 hod.,<br>\u2013 bal\u00edk celkovo obsahuje minim\u00e1lne 700 ks fotografi\u00ed (digit\u00e1lna gal\u00e9ria)<br>\u2013 20 ks fotografi\u00ed v tla\u010denej podobe (10\u00d715 cm) &#8211; Mal\u00fd svadbobn\u00fd fotoalbum vytla\u010den\u00fd priamo na SVADBE<br>\u2013 Grav\u00edrovan\u00e9 USB<\/p>\n\n\n\n<p>\u010ea\u013e\u0161ie dodato\u010dne platen\u00e9 slu\u017eby:<\/p>\n\n\n\n<p>\u2013 tla\u010d momentiek pre svadob\u010danov priamo po\u010das svadby<br>\u2013 fotografie svadobn\u00fdch portr\u00e9tov mimo svadobn\u00fd de\u0148<\/p>\n\n\n\n<p>Zmena cien vyhraden\u00e1.<\/p>\n","protected":false},"excerpt":{"rendered":"<p>Pon\u00fakam fotografick\u00e9 slu\u017eby: \u2013 fotografovanie svadieb,\u2013 fotografovanie rodinn\u00fdch udalost\u00ed,\u2013 fotografovanie det\u00ed, rodi\u010dov, rande fotenie,\u2013 fotografovanie koncertov a divadeln\u00fdch predstaven\u00ed,\u2013 fotografovanie firemn\u00fdch eventov Z\u00e1kladn\u00fd svadobn\u00fd cenn\u00edk:Bal\u00edk&nbsp;PORTR\u00c9T&nbsp;\u2013 230 EUR \u2013 fotografovanie svadobn\u00fdch portr\u00e9tov,&nbsp;\u2013 bal\u00edk celkovo obsahuje minim\u00e1lne&nbsp; 50 ks fotografi\u00ed (digit\u00e1lna gal\u00e9ria),\u2013 10 ks fotografi\u00ed v tla\u010denej podobe (10\u00d715 cm), Bal\u00edk&nbsp;Z\u00c1KLAD&nbsp;\u2013 320 EUR \u2013 fotografovanie svadobn\u00fdch portr\u00e9tov, &hellip; <\/p>\n","protected":false},"author":1,"featured_media":0,"parent":0,"menu_order":0,"comment_status":"closed","ping_status":"closed","template":"","meta":{"footnotes":""},"class_list":["post-24","page","type-page","status-publish","hentry"],"_links":{"self":[{"href":"https:\/\/www.romanbudai.sk\/index.php?rest_route=\/wp\/v2\/pages\/24","targetHints":{"allow":["GET"]}}],"collection":[{"href":"https:\/\/www.romanbudai.sk\/index.php?rest_route=\/wp\/v2\/pages"}],"about":[{"href":"https:\/\/www.romanbudai.sk\/index.php?rest_route=\/wp\/v2\/types\/page"}],"author":[{"embeddable":true,"href":"https:\/\/www.romanbudai.sk\/index.php?rest_route=\/wp\/v2\/users\/1"}],"replies":[{"embeddable":true,"href":"https:\/\/www.romanbudai.sk\/index.php?rest_route=%2Fwp%2Fv2%2Fcomments&post=24"}],"version-history":[{"count":6,"href":"https:\/\/www.romanbudai.sk\/index.php?rest_route=\/wp\/v2\/pages\/24\/revisions"}],"predecessor-version":[{"id":227,"href":"https:\/\/www.romanbudai.sk\/index.php?rest_route=\/wp\/v2\/pages\/24\/revisions\/227"}],"wp:attachment":[{"href":"https:\/\/www.romanbudai.sk\/index.php?rest_route=%2Fwp%2Fv2%2Fmedia&parent=24"}],"curies":[{"name":"wp","href":"https:\/\/api.w.org\/{rel}","templated":true}]}}